or of h and 22.
22
Let x(k) = -k**2 - 13*k - 7. Let q be x(-12). What is the highest common divisor of q and 35?
5
Suppose -2*c + 2*w + 112 = 0, -4*c + 4*w + 224 = -w. Calculate the highest common divisor of c and 16.
8
Let l be (-2 - 5/2)*-14. Let r(u) = -u**2 + 9*u - 1. Let t be r(8). Calculate the greatest common divisor of t and l.
7
Let g = 16 - 9. What is the highest common divisor of g and 42?
7
Let t = -51 - -71. Suppose 4*q = 7*u - 2*u - t, 2*u = 4*q + 20. Suppose j - 35 = -u*j. Calculate the greatest common divisor of j and 7.
7
Let l(s) = -4*s. Let w be l(-6). Let q be (w/(-10))/((-6)/45). Suppose 0 = -k - 4*b + b - 13, k + 4*b + q = 0. What is the highest common divisor of 2 and k?
2
Let w(r) be the third derivative of 5/3*r**3 + r**2 + 0*r + 1/60*r**5 + 0 + 1/24*r**4. Let s be w(0). Calculate the highest common factor of 90 and s.
10
Let h be 12 - (-3 + 1 + 0). Calculate the highest common divisor of h and 21.
7
Let p = -157 - -166. What is the greatest common divisor of p and 117?
9
Let u(n) = 22*n. Let r be u(3). Suppose r = -s + 3*s. Let m(o) = o**2 + 3*o + 3. Let t be m(-3). Calculate the highest common divisor of s and t.
3
Let l be -11*((-8)/2 + 3). What is the greatest common factor of 11 and l?
11
Let o = 32 + -21. Suppose -2*c + 0 + 2 = 0. What is the highest common divisor of c and o?
1
Suppose -9*d + 44 = -64. What is the highest common divisor of d and 12?
12
Let b = -6 - -2. Let o be b/(2 + -3 + 0). Let a be (-1)/o + (-145)/(-20). What is the greatest common divisor of a and 35?
7
Suppose 396 = 11*l - 10*l. Calculate the highest common divisor of 36 and l.
36
Let a = -4 - -7. Suppose 3*d = -9, -5*y - 4*d = -0*d + 2. Suppose 6*u + 5*k - 112 = 2*u, y*u - 78 = 3*k. Calculate the greatest common divisor of a and u.
3
Suppose 0 = -2*l + 12 + 14. Suppose -2*d + 12 = -r - 4*r, -5*d + l = -4*r. What is the greatest common factor of d and 11?
1
Suppose 2*o - 30 = 4*q, 3*o + 0*o = -3*q + 81. Suppose -5*k + 69 = -46. What is the greatest common factor of o and k?
23
Let h(p) = 5*p + 1. Let d be h(2). Suppose a - 8 = 2*z + d, -4*a = 5*z - 37. Let x = -251 - -368. What is the greatest common divisor of x and a?
13
Let n = -1 + 0. Let p be 4/2 + (7 - n). What is the greatest common factor of 90 and p?
10
Let t be (-2)/(-5) + (-228)/(-30). Let u be (3/2)/(6/128). What is the highest common factor of t and u?
8
Let i be 8/2*(-10)/(-8). Suppose i*f - 11 = -2*j, 2*j + f - 2*f = 5. Calculate the greatest common divisor of j and 9.
3
Let j be (-4)/(-14)*-5*-7. Let y = 56 - 31. Calculate the highest common factor of y and j.
5
Let c(z) = -z**3 + 17*z**2 - 13*z - 24. Let o be c(16). What is the greatest common divisor of o and 8?
8
Let f be (3 - 5) + 4 + 12. Calculate the highest common divisor of 154 and f.
14
Suppose -2*a - 5 = -3*a. Suppose -88 = -a*g + g. Suppose 5*o = -2*r + 100, -2*r + 2*o = -3*r + 51. What is the greatest common factor of r and g?
11
Let t = -11 - -15. Suppose t + 6 = -k. Let p = k - -24. Calculate the greatest common factor of p and 14.
14
Suppose 179 = 4*p - 101. Suppose -2*x + 2*l + 24 = 3*l, 4*x + 4*l - 40 = 0. What is the highest common divisor of x and p?
14
Let t be 42 + -15 - (-1 - -1). Calculate the greatest common factor of 27 and t.
27
Let x(a) = 2*a**2 + 7*a + 7. Let f be x(6). Suppose -2*s + f = 37. What is the highest common divisor of 21 and s?
21
Let f = 8 - 5. Suppose 38 = i + f*i + 2*n, 4*i - 3*n = 53. What is the highest common divisor of i and 121?
11
Let p be (-7)/((-21)/24) - 3. Suppose 327 + 193 = p*v. Calculate the greatest common divisor of 26 and v.
26
Let v = -3 + 11. Suppose 5*h = 3*w - 28, -h - 12 = 3*w + 2*h. Let i = w - -87. Calculate the greatest common divisor of i and v.
8
Let f be (1/(-2))/(3/(-18)). Suppose -3 = -f*v + 3. What is the greatest common factor of v and 2?
2
Suppose -5*y + 3*y + 4*c + 2 = 0, 23 = 3*y - 2*c. Calculate the greatest common factor of y and 22.
11
Let i be (-6)/(-3 + 97/33). Calculate the greatest common factor of 11 and i.
11
Suppose 4 = f - 2. Let g = 17 - f. What is the greatest common divisor of g and 77?
11
Let p(w) = w**3 + 9*w**2 + 8*w + 8. Suppose b - 12 = l, 14 = -l + 2*b - 2. Let a be p(l). Calculate the greatest common divisor of a and 24.
8
Suppose 5*f - 4*f - 18 = 0. Let w be (2 + (-8)/6)*21. Suppose w = 2*u + 2. What is the highest common divisor of f and u?
6
Let p(y) = y**3 + 6*y**2 - 5. Let l be p(-4). Suppose 4*j + 48 = 20*j. What is the greatest common factor of l and j?
3
Suppose 4 = -3*z + 16. Let i be (-1)/(-2) + 110/z. What is the highest common divisor of 14 and i?
14
Suppose -5*k - 153 = -3*u, 2*u - 7*u + 3*k + 239 = 0. Suppose -2*c - 10 + u = 0. Calculate the highest common divisor of 198 and c.
18
Let n(j) be the first derivative of 7/2*j**2 + j - 3 + 1/3*j**3. Let q be n(-7). What is the highest common divisor of q and 5?
1
Suppose u = -6 + 30. Let p = -34 - -46. What is the highest common factor of u and p?
12
Let f be 9/(18/40)*2. What is the highest common divisor of f and 40?
40
Suppose -j + 276 = 5*u - 655, 0 = 3*u + 3*j - 549. Suppose 3*b - u = 197. What is the highest common factor of 16 and b?
16
Suppose -4*p - 39 = 5*f, 2*p + 2*p + 3*f = -33. Let k = -3 - p. Suppose 4*t - 3 = 5, -5*a + 96 = k*t. What is the greatest common factor of a and 198?
18
Let n = 4 - -205. What is the highest common factor of 19 and n?
19
Let y(d) = 2*d**2 - d - 10. Let x be y(3). What is the greatest common divisor of x and 20?
5
Suppose 28 = -3*p + 7*p. Let k = 58 - 16. What is the greatest common divisor of p and k?
7
Suppose -2*c - k = -3*k + 20, 4*c = -5*k - 4. Let j = c - -9. Let g be 17 + j/((-3)/2). What is the greatest common factor of g and 15?
15
Let v = 261 - 93. Calculate the highest common factor of v and 24.
24
Let j be 54*-10*2/(-12). Let c(v) = -10*v - 2. Let f be c(-2). Suppose -1 = -o + 1, -2*b + f = -o. Calculate the greatest common divisor of j and b.
10
Suppose 181 = 5*a - 89. Let m be -2*(0 + -1)*9. What is the highest common factor of a and m?
18
Let s(n) = 2*n**2 - 2*n - 2. Let r be s(-4). Let l be 2/(-6) + r/6. Suppose 3*t - 135 - 9 = 0. Calculate the highest common divisor of l and t.
6
Suppose -7*d = -6*d. Let s be 3 + (155 - (d - 3)). Let u(k) = 24*k**2 + k. Let h be u(-1). Calculate the highest common factor of h and s.
23
Let w be 20/(-6)*(-72)/15. Let j be w/56 + (-1256)/(-14). Calculate the greatest common divisor of j and 18.
18
Let i be ((-1)/(-1))/((-1)/(-13)). Calculate the highest common divisor of i and 130.
13
Suppose 5*m - 13 = 2*j - 63, 5*m = -3*j + 125. What is the greatest common factor of 14 and j?
7
Let k be 10/1*(-2)/(-2). Let g be 1/(-2) - (-205)/k. Calculate the highest common factor of 160 and g.
20
Let t(z) = 6*z - 3. Suppose 5*y - x - 63 = 0, 0 = y - 2*y - x + 15. Let k be t(y). What is the highest common divisor of k and 15?
15
Let o(b) = -b**3 + 3*b**2 + 6*b - 5. Let h be o(4). Calculate the highest common divisor of h and 1.
1
Let a be 0 - -20*(-158)/4. Let y be a/(-8) + 6/24. What is the greatest common divisor of 9 and y?
9
Suppose 5*w = -4*d + 44, w - 5*w - d = -44. Calculate the highest common factor of w and 30.
6
Suppose 37 = -3*f + 4*f. What is the highest common divisor of f and 37?
37
Suppose 0 = -3*p + 3*r, 6 = p + 4*r - 9. Suppose 5*d - 2*u - 120 = p*u, 2*u = 4. Calculate the greatest common factor of d and 234.
26
Let m = 21 + 25. Suppose 3*q + 487 = 4*t, -2*t + 4*q + m + 210 = 0. Suppose 5*p = t + 407. Calculate the greatest common divisor of p and 15.
15
Let z = -103 - -151. Calculate the greatest common factor of 12 and z.
12
Suppose s - f - 23 = 2*f, 4*f = -20. Calculate the highest common factor of 56 and s.
8
Let v be (-3)/4 - ((-108)/16)/1. What is the highest common factor of 36 and v?
6
Suppose 0 = -6*g + 3*g + 60. Let v be ((-66)/(-4))/(15/g). Calculate the highest common factor of v and 55.
11
Suppose 0 = -o + 2*o - 45. Let q = -23 + o. What is the highest common factor of 198 and q?
22
Let k = 89 - 17. Suppose 2*w - 3 = 3*x - 70, 2*w + k = -2*x. Let c = w + 90. Calculate the greatest common divisor of 22 and c.
11
Suppose 2 = -4*j + 30. Let u(l) = -l - 6. Let b(g) = -2*g - 12. Let y(z) = 2*b(z) - 5*u(z). Let s be y(j). What is the greatest common factor of s and 1